{"id":9,"date":"2023-05-09T11:19:12","date_gmt":"2023-05-09T09:19:12","guid":{"rendered":"http:\/\/prawniklodz.pl\/?page_id=9"},"modified":"2023-05-09T11:19:12","modified_gmt":"2023-05-09T09:19:12","slug":"na-sprzedaz-strona-internetowa-o-atrakcyjnej-nazwie-www-prawniklodz-pl","status":"publish","type":"page","link":"https:\/\/prawniklodz.pl\/index.php\/na-sprzedaz-strona-internetowa-o-atrakcyjnej-nazwie-www-prawniklodz-pl\/","title":{"rendered":"Na sprzeda\u017c strona internetowa o atrakcyjnej nazwie: www.prawniklodz.pl"},"content":{"rendered":"\n<p>W\u0142a\u015bciciel strony jest otwarty na negocjacje i gotowy do om\u00f3wienia szczeg\u00f3\u0142\u00f3w sprzeda\u017cy zainteresowanym klientom.<\/p>\n\n\n\n<p>Strona jest idealna dla prawnika, adwokata lub kancelarii zajmuj\u0105cej si\u0119 \u015bwiadczeniem us\u0142ug prawnych w \u0141odzi i okolicach.<br><br>Strona pozwoli wyrobi\u0107 solidn\u0105 reputacj\u0119 w bran\u017cy i jest dobrze znana dla Google, co potwierdzaj\u0105 wpisywane frazy (prawnik \u0142\u00f3d\u017a).<\/p>\n\n\n\n<p>Skontaktuj si\u0119 z w\u0142a\u015bcicielem strony<br><strong><br>         e-mail:      pmuszalski@grupaasona.pl<br>numer telefonu: +48 790 863 503<\/strong><\/p>\n","protected":false},"excerpt":{"rendered":"<p>W\u0142a\u015bciciel strony jest otwarty na negocjacje i gotowy do om\u00f3wienia szczeg\u00f3\u0142\u00f3w sprzeda\u017cy zainteresowanym klientom. Strona jest idealna dla prawnika, adwokata lub kancelarii zajmuj\u0105cej si\u0119 \u015bwiadczeniem us\u0142ug prawnych w \u0141odzi i okolicach. Strona pozwoli wyrobi\u0107 solidn\u0105 reputacj\u0119 w bran\u017cy i jest dobrze znana dla Google, co potwierdzaj\u0105 wpisywane frazy (prawnik \u0142\u00f3d\u017a). Skontaktuj si\u0119 z w\u0142a\u015bcicielem strony [&hellip;]<\/p>\n","protected":false},"author":1,"featured_media":0,"parent":0,"menu_order":0,"comment_status":"closed","ping_status":"closed","template":"","meta":[],"_links":{"self":[{"href":"https:\/\/prawniklodz.pl\/index.php\/wp-json\/wp\/v2\/pages\/9"}],"collection":[{"href":"https:\/\/prawniklodz.pl\/index.php\/wp-json\/wp\/v2\/pages"}],"about":[{"href":"https:\/\/prawniklodz.pl\/index.php\/wp-json\/wp\/v2\/types\/page"}],"author":[{"embeddable":true,"href":"https:\/\/prawniklodz.pl\/index.php\/wp-json\/wp\/v2\/users\/1"}],"replies":[{"embeddable":true,"href":"https:\/\/prawniklodz.pl\/index.php\/wp-json\/wp\/v2\/comments?post=9"}],"version-history":[{"count":1,"href":"https:\/\/prawniklodz.pl\/index.php\/wp-json\/wp\/v2\/pages\/9\/revisions"}],"predecessor-version":[{"id":10,"href":"https:\/\/prawniklodz.pl\/index.php\/wp-json\/wp\/v2\/pages\/9\/revisions\/10"}],"wp:attachment":[{"href":"https:\/\/prawniklodz.pl\/index.php\/wp-json\/wp\/v2\/media?parent=9"}],"curies":[{"name":"wp","href":"https:\/\/api.w.org\/{rel}","templated":true}]}}